pose 3330 = 5*q + 3*x - 15882, x - 11528 = -3*q. What are the prime factors of q?
3, 7, 61
Suppose -24 = -4*h, 11*h + 40332 = 3*q + 8*h. List the prime factors of q.
2, 5, 269
Let s(t) be the third derivative of t**5/60 - 3*t**4/8 - 22*t**3/3 + 97*t**2. List the prime factors of s(-7).
2, 17
Suppose -3*w + 10666 + 8594 = 0. Suppose -k - 3*y = -1267, 0 = -5*k + 7*y - 5*y + w. What are the prime factors of k?
2, 641
Suppose 4*z - 818 = -i, -17*z = -14*z - 2*i - 619. Suppose z + 278 = 3*f. What are the prime factors of f?
7, 23
List the prime factors of (-5 + 22/5)*5 - -5933.
2, 5, 593
Let v = 194 + -119. Let i = v - 22. What are the prime factors of i?
53
Let z = 12169 + 402. List the prime factors of z.
13, 967
Let p be 20/(-30)*(-4494)/4. Suppose -p = -9*w + 115. List the prime factors of w.
2, 3
What are the prime factors of (-11925856)/(-579) + 22/6?
3, 7, 109
Suppose 5*a + 138769 = -12*i + 16*i, 8*a + 69412 = 2*i. What are the prime factors of i?
2, 3, 41, 47
Suppose 333*t = 283*t + 289000. List the prime factors of t.
2, 5, 17
Suppose 0 = -u - 2*z - 3*z + 151, 3*u - 2*z = 470. Suppose -191*d = -197*d - 12. List the prime factors of u - (-2 + (d - 1)).
7, 23
Suppose -241235 - 948695 = -89*u. What are the prime factors of u?
2, 5, 7, 191
Suppose -15 = -2*r + 3*r + 5*b, -105 = 2*r - 5*b. Let x be (-195)/r - 4/(-32). Suppose -s + 132 = 4*l, -l + 0*s + x*s = -33. List the prime factors of l.
3, 11
Let n be (9 - 5) + -6 + 0 - -1276. Suppose -5*t - 5*i = -4460, -2*t + i + 516 = -n. What are the prime factors of t?
2, 3, 149
Let q(j) = -j + 8. Let m be (-78)/(-65)*20/6. Let u be q(m). List the prime factors of (u - 56/6)*-9.
2, 3
Let p be (-1292)/(-16) + 25/20. Suppose 4 = -4*i, j - i + 4 = p. What are the prime factors of j?
7, 11
Let u(q) = -q**2 - 36*q + 25. Let k = 192 + -208. What are the prime factors of u(k)?
3, 5, 23
Let y(i) be the first derivative of 47*i**2/2 + 131*i - 192. What are the prime factors of y(5)?
2, 3, 61
Suppose 3*h - 12*o + 14*o = -73, 5*h - 2*o = -95. List the prime factors of (-7 - h)*(-42)/(-2).
2, 3, 7
Let x be 877/7 + 10/(-35). Suppose -5*i + 66 = 6*i. Suppose d - i*d + x = 0. What are the prime factors of d?
5
Let s be (-7)/(-3) + (-4)/3. Let h be 0 - (s + -6 - 4). Suppose 4*i = h*i - 170. List the prime factors of i.
2, 17
Let r(x) = 204*x**2 - 39*x + 130. What are the prime factors of r(3)?
43
Let n = 14014 + -6249. What are the prime factors of n?
5, 1553
Suppose 8*w - 35413 = 38531. List the prime factors of w.
3, 13, 79
Suppose -3*g - 5*d + 4345 = 2*g, 4341 = 5*g + 3*d. Suppose g*i + 792 = 869*i. What are the prime factors of i?
2, 3, 11
Suppose 0 = -4*l + x + 11, -6*l + 4*l = x - 13. List the prime factors of 462 + l/5*(-15)/2.
2, 3, 19
Suppose -3*r = -5*v + 3*v + 722, -4*r - 958 = 2*v. Let z = r - -402. What are the prime factors of z?
2, 3
List the prime factors of (-10)/(-6)*(220896/90 + 29).
4139
Let h = -442 + 442. Suppose h = -w + 6*x - 10*x + 91, 3*x + 182 = 2*w. List the prime factors of w.
7, 13
Let v be (0 - 1)/(3 + (-16)/5). Let c(a) = -5*a**2 + v*a**3 + 1 - 16*a**3 - 3*a**3 + 3 - 5*a. What are the prime factors of c(-2)?
2, 53
Let p = 32339 - 4992. What are the prime factors of p?
23, 29, 41
What are the prime factors of -2*1*(80/120 + (-1498)/6)?
2, 3, 83
Suppose 4*h = -2*f - 122 - 84, 0 = 2*h - 4. Let o = 37 - f. What are the prime factors of o?
2, 3
Suppose 15 + 1 = 4*d. Suppose 4*k - 1269 - 364 = g, -3*k - d*g = -1220. List the prime factors of k.
2, 3, 17
Suppose -5*u - 202318 = -3*f, 0 = f + 244*u - 247*u - 67438. List the prime factors of f.
11, 6131
List the prime factors of ((-6)/(-90)*3405)/(1*(-1)/(-23)).
23, 227
Let d be 2/4 + 177/6. Let g = 18 - d. List the prime factors of (-342)/g*(-3 - 11/(-3)).
19
Suppose 2*d + 3*i - 23 = 5, -2*d + 5*i = -60. Let q(k) = 869 + 6*k - 825 - 3*k. List the prime factors of q(d).
2, 13
Let q(x) = 26*x**2 + 19*x + 167. What are the prime factors of q(24)?
19, 821
Let g(q) = 37*q + 2003. What are the prime factors of g(61)?
2, 3, 5, 71
Suppose 3*j - 107 = 2719. Suppose -4*g - 3*s + 1856 = 0, -2*g + 0*s + j = -2*s. What are the prime factors of g?
467
Let c = -4 + -45. Let m = -168 - -97. Let w = c - m. List the prime factors of w.
2, 11
Let r(w) = 198*w**2 - 44*w - 131. What are the prime factors of r(-17)?
57839
Suppose -192*l + 1512100 + 369364 = -306760. List the prime factors of l.
3, 29, 131
What are the prime factors of 16545 + ((-1)/10 - (-7)/((-280)/276))?
2, 8269
Let p = 21279 - -28367. What are the prime factors of p?
2, 103, 241
Let f = 2647 - 726. Suppose -f = -3*n + 938. List the prime factors of n.
953
Let q be (0 + -3)/(87/116). Let z(u) = -52*u + 31. List the prime factors of z(q).
239
Suppose -104881 = -2*f - w, 38*w - 36*w = 6. What are the prime factors of f?
41, 1279
Let r be (-14286)/(-19) - (-38)/361. Let i = r - 593. What are the prime factors of i?
3, 53
What are the prime factors of (8 + 43)/((-8)/(5024/(-12)))?
17, 157
Let l be 8*(-11)/(-6)*(1 + 59). Let j = 1306 - l. Suppose 0 = -2*r - 2*r - 3*o + 427, -j = -4*r - 2*o. List the prime factors of r.
2, 53
Let w(f) = 64*f + 9. Suppose 2*p = -z + 12, -2*z - 12*p + 7*p + 22 = 0. Let r be (6/10)/(z/80). List the prime factors of w(r).
3, 67
Let d(j) = -6*j - 27. Suppose 3*a + 2*a = 5*o - 150, -90 = -3*o - a. Let v be -2*(-6)/(o/(-55)). What are the prime factors of d(v)?
3, 5, 7
Let l be 0 - ((-1 - 2) + 0). Suppose 0*f - 3*f - 9 = 0, l*f = 4*y + 743. List the prime factors of 6/(370/y + 2).
2, 47
Let a be (12 - 2) + 8/(-2) + -1. Suppose -7*n = -2*n + 2*g - 4128, -n + 844 = a*g. List the prime factors of n.
2, 103
Let b be 6/((16/4)/12). Suppose -b = -14*i + 5*i. Suppose -2*x - 6*j = -5*j - 147, 0 = -i*x + 2*j + 144. What are the prime factors of x?
73
Suppose 50544 = 21*k - 37*k. Let c = k - -4617. What are the prime factors of c?
2, 3
Let v(m) = -63*m + 3 - 12 - 3 - 8. Let l be v(-4). Suppose 1149 = 5*u + y, u - y - l = y. What are the prime factors of u?
2, 5, 23
Suppose -328116 - 425556 = -90*h + 66*h. What are the prime factors of h?
31, 1013
Suppose 4*a = -a - 3*o + 10, -4*o = 2*a - 4. Let b(m) = 2*m**3 - 15*m**2 - 9*m + 102. Let y be b(7). What are the prime factors of a*(15/y)/(6/(-278))?
139
Let c = -88 + 91. Suppose n = d - n - 55, c*d = 2*n + 153. Suppose -d*z = -45*z - 204. List the prime factors of z.
3, 17
Suppose -2*j - 4*o = 10, 11*j - 6*j + o = -43. Let t be -3 + 10 - j/(-3). Suppose 47 = t*p - 49. List the prime factors of p.
2, 3
Suppose 4*w + 2*o + 2 = 0, -o - 1 = -2*w - 0. Suppose -2*h - 109 = -2*p + 289, h - 3 = w. What are the prime factors of p?
2, 101
List the prime factors of 714572/24 - (-25)/150.
2, 14887
Let q(w) = -1610*w - 4917. What are the prime factors of q(-31)?
13, 3461
Let x = 6824 - 769. What are the prime factors of x?
5, 7, 173
Let l(f) = f**3 + 7*f**2 - 9*f - 6. Let q be l(-8). Suppose -471 = 4*u + y, q*u + 5*y + 213 = -0*u. List the prime factors of u/(-2) - (-6)/12.
2, 3, 5
Let q(s) = -166*s**3 - 7*s**2 + 3*s + 3. List the prime factors of q(-6).
3, 11863
Suppose -108473 = -44*v + 125915. List the prime factors of v.
7, 761
List the prime factors of (-325479)/(-63) - 4/14*(-42)/18.
5167
Let b = -725 - -729. Suppose 2*f + 5*u - 3521 = 0, -2*f + 1254 = b*u - 2270. What are the prime factors of f?
2, 13, 17
Let h = -193 - -194. What are the prime factors of (h + -1 - 8)*-20?
2, 5
Let t(m) = m**3 + 6*m**2 + 8*m + 11. Let g be t(-5). Let p be (g/(-22) + 4428/(-33))/2. Let k = p - -137. What are the prime factors of k?
2, 5, 7
Let x(s) = -1241*s - 25. Let m be x(-1). Suppose 109*o - 105*o = m. List the prime factors of o.
2, 19
Suppose 17*g = 13751 - 4435. Let z = g + -473. List the prime factors of z.
3, 5
Let a = 8948 - 2270. List the prime factors of a.
2, 3, 7, 53
Suppose -2*w - 4890 = -4*z, 57*w - 56*w - 6130 = -5*z. What are the prime factors of z?
5, 7
Let m be (48/9)/1*(-3)/(-2). Suppose -m*z = -2 + 18. What are the prime factors of 23 + ((-1)/z)/((-3)/24)?
19
Let t(h) = -9*h - 74. Let i = 830 - 841. What are the prime factors of t(i)?
5
Let j = -10 + 14. Suppose -2*m = -0*m - y, -y + 4 = -j*m. Let u = 36 - m. List the prime factors of u.
2, 19
Suppose 3*h + 377 + 250 = 0. Let u be 17 + -17 + (-1*1 - h). Let q = -125 + u. What are the pr